{"id":216,"date":"2016-01-07T15:29:12","date_gmt":"2016-01-07T14:29:12","guid":{"rendered":"http:\/\/www.bastiencrocq.com\/site\/?page_id=216"},"modified":"2023-09-07T09:39:34","modified_gmt":"2023-09-07T08:39:34","slug":"216-2","status":"publish","type":"page","link":"http:\/\/www.bastiencrocq.com\/site\/216-2\/","title":{"rendered":"ROMAN"},"content":{"rendered":"<p>[et_pb_section admin_label=\u00a0\u00bbsection\u00a0\u00bb background_image=\u00a0\u00bbhttp:\/\/www.bastiencrocq.com\/site\/wp-content\/uploads\/2016\/01\/Roman-piece-jointe.jpg\u00a0\u00bb transparent_background=\u00a0\u00bboff\u00a0\u00bb allow_player_pause=\u00a0\u00bboff\u00a0\u00bb inner_shadow=\u00a0\u00bboff\u00a0\u00bb parallax=\u00a0\u00bbon\u00a0\u00bb parallax_method=\u00a0\u00bbon\u00a0\u00bb padding_mobile=\u00a0\u00bboff\u00a0\u00bb make_fullwidth=\u00a0\u00bboff\u00a0\u00bb use_custom_width=\u00a0\u00bboff\u00a0\u00bb width_unit=\u00a0\u00bbon\u00a0\u00bb make_equal=\u00a0\u00bboff\u00a0\u00bb use_custom_gutter=\u00a0\u00bboff\u00a0\u00bb][et_pb_row admin_label=\u00a0\u00bbrow\u00a0\u00bb][et_pb_column type=\u00a0\u00bb4_4&Prime;][et_pb_text admin_label=\u00a0\u00bbTexte\u00a0\u00bb background_layout=\u00a0\u00bbdark\u00a0\u00bb text_orientation=\u00a0\u00bbcenter\u00a0\u00bb text_font_size=\u00a0\u00bb14&Prime; use_border_color=\u00a0\u00bboff\u00a0\u00bb border_color=\u00a0\u00bb#ffffff\u00a0\u00bb border_style=\u00a0\u00bbsolid\u00a0\u00bb]<\/p>\n<h1>ROMAN<\/h1>\n<p>[\/et_pb_text][et_pb_text admin_label=\u00a0\u00bbTexte\u00a0\u00bb background_layout=\u00a0\u00bblight\u00a0\u00bb text_orientation=\u00a0\u00bbleft\u00a0\u00bb text_font_size=\u00a0\u00bb14&Prime; use_border_color=\u00a0\u00bboff\u00a0\u00bb border_color=\u00a0\u00bb#ffffff\u00a0\u00bb border_style=\u00a0\u00bbsolid\u00a0\u00bb]<\/p>\n<p style=\"text-align: center;\"><strong><span style=\"color: #ffffff;\">Un conte musical enregistr\u00e9 et mix\u00e9 par Pierre Pauty pour Piergynt Productions (piergynt.com). Conte original, oeuvres pour piano de Fr\u00e9d\u00e9ric Chopin et Sergue\u00ef Rachmaninov, compositions originales pour batterie solo.<\/span><\/strong><\/p>\n<p>[\/et_pb_text][\/et_pb_column][\/et_pb_row][et_pb_row admin_label=\u00a0\u00bbLigne\u00a0\u00bb][et_pb_column type=\u00a0\u00bb1_3&Prime;][et_pb_image admin_label=\u00a0\u00bbImage\u00a0\u00bb src=\u00a0\u00bbhttp:\/\/www.bastiencrocq.com\/site\/wp-content\/uploads\/2016\/01\/Roman-CD.jpg\u00a0\u00bb show_in_lightbox=\u00a0\u00bboff\u00a0\u00bb url_new_window=\u00a0\u00bboff\u00a0\u00bb animation=\u00a0\u00bbleft\u00a0\u00bb sticky=\u00a0\u00bboff\u00a0\u00bb align=\u00a0\u00bbleft\u00a0\u00bb force_fullwidth=\u00a0\u00bboff\u00a0\u00bb always_center_on_mobile=\u00a0\u00bbon\u00a0\u00bb use_border_color=\u00a0\u00bboff\u00a0\u00bb border_color=\u00a0\u00bb#ffffff\u00a0\u00bb border_style=\u00a0\u00bbsolid\u00a0\u00bb] [\/et_pb_image][et_pb_image admin_label=\u00a0\u00bbImage\u00a0\u00bb src=\u00a0\u00bbhttp:\/\/www.bastiencrocq.com\/site\/wp-content\/uploads\/2016\/01\/Roman-verso.jpg\u00a0\u00bb show_in_lightbox=\u00a0\u00bboff\u00a0\u00bb url_new_window=\u00a0\u00bboff\u00a0\u00bb animation=\u00a0\u00bbleft\u00a0\u00bb sticky=\u00a0\u00bboff\u00a0\u00bb align=\u00a0\u00bbleft\u00a0\u00bb force_fullwidth=\u00a0\u00bboff\u00a0\u00bb always_center_on_mobile=\u00a0\u00bbon\u00a0\u00bb use_border_color=\u00a0\u00bboff\u00a0\u00bb border_color=\u00a0\u00bb#ffffff\u00a0\u00bb border_style=\u00a0\u00bbsolid\u00a0\u00bb] [\/et_pb_image][et_pb_text admin_label=\u00a0\u00bbTexte\u00a0\u00bb background_layout=\u00a0\u00bbdark\u00a0\u00bb text_orientation=\u00a0\u00bbleft\u00a0\u00bb use_border_color=\u00a0\u00bboff\u00a0\u00bb border_color=\u00a0\u00bb#ffffff\u00a0\u00bb border_style=\u00a0\u00bbsolid\u00a0\u00bb]<\/p>\n<h3><span style=\"color: #ffffff;\">A travers l\u2019histoire de l\u2019\u00e9cuyer Roman et de la princesse Amiel, le pianiste, batteur et conteur Bastien Crocq nous entra\u00eene dans un univers m\u00e9di\u00e9val et romantique, inspir\u00e9 de Tristan et Yseult. Un monde de for\u00eats et de ch\u00e2teaux, m\u00ealant fraternit\u00e9, trahison et amour tragique, mis en musique avec des \u0153uvres pour piano de Fr\u00e9d\u00e9ric Chopin, de Sergue\u00ef Rachmaninov et des compositions originales pour batterie solo.<\/span><\/h3>\n<div class=\"et_pb_text et_pb_module et_pb_bg_layout_light et_pb_text_align_left et_pb_text_2\">\n<h3><span style=\"color: #ffffff;\">FICHE TECHNIQUE:<\/span><\/h3>\n<h3><span style=\"color: #ffffff;\">Dur\u00e9e : 60 minutes<\/span><\/h3>\n<h3><span style=\"color: #ffffff;\">Sonorisation : 1 piste micro maximum (en fonction de la taille de la salle)<\/span><\/h3>\n<h3><span style=\"color: #ffffff;\">\u00c9clairage : jeu de projecteurs<\/span><\/h3>\n<h3><span style=\"color: #ffffff;\">Accessoires : piano \u00e0 queue<\/span><\/h3>\n<h3><span style=\"color: #ffffff;\">Sc\u00e8ne : 4,5 x 2,5m minimum<\/span><\/h3>\n<h3><span style=\"color: #ffffff;\">Public : \u00e0 partir de 10 ans<\/span><\/h3>\n<\/div>\n<p>[\/et_pb_text][\/et_pb_column][et_pb_column type=\u00a0\u00bb2_3&Prime;][et_pb_text admin_label=\u00a0\u00bbTexte\u00a0\u00bb background_layout=\u00a0\u00bblight\u00a0\u00bb text_orientation=\u00a0\u00bbleft\u00a0\u00bb use_border_color=\u00a0\u00bboff\u00a0\u00bb border_color=\u00a0\u00bb#ffffff\u00a0\u00bb border_style=\u00a0\u00bbsolid\u00a0\u00bb]<\/p>\n<p class=\"r\"><strong><span style=\"color: #ffffff;\">Un interpr\u00e8te empreint de romantisme, jouant de virtuosit\u00e9 et d\u2019\u00e9motion dans un r\u00e9pertoire classique, mais \u00e9galement un batteur sensible et flamboyant, composant des \u0153uvres dont les ambiances naissent les unes dans les autres ! Musicien et conteur, Bastien donne le plaisir de l\u2019exigence des atmosph\u00e8res musicales riches en dynamiques. L\u2019approche \u00ab\u00a0classique\u00a0\u00bb de la batterie fait na\u00eetre des \u0153uvres empreintes d\u2019un sentiment grandiose. Le piano avec une aisance, des articulations sans exag\u00e9ration, un rythme respire et inspire\u2026 Le conteur reste dans la continuit\u00e9, avec simplicit\u00e9 et vitalit\u00e9.<\/span><\/strong><\/p>\n<p>[\/et_pb_text][et_pb_text admin_label=\u00a0\u00bbAUDIO playlist\u00a0\u00bb background_layout=\u00a0\u00bbdark\u00a0\u00bb text_orientation=\u00a0\u00bbleft\u00a0\u00bb use_border_color=\u00a0\u00bbon\u00a0\u00bb border_color=\u00a0\u00bb#ffb400&Prime; border_style=\u00a0\u00bbsolid\u00a0\u00bb background_color=\u00a0\u00bb#000000&Prime; saved_tabs=\u00a0\u00bball\u00a0\u00bb]<\/p>\n<!--[if lt IE 9]><script>document.createElement('audio');<\/script><![endif]-->\n\t<div class=\"wp-playlist wp-audio-playlist wp-playlist-light\">\n\t\t\t<div class=\"wp-playlist-current-item\"><\/div>\n\t\t<audio controls=\"controls\" preload=\"none\" width=\"1058\"\n\t\t\t><\/audio>\n\t<div class=\"wp-playlist-next\"><\/div>\n\t<div class=\"wp-playlist-prev\"><\/div>\n\t<noscript>\n\t<ol>\n\t\t<li><a href='http:\/\/www.bastiencrocq.com\/site\/wp-content\/uploads\/2016\/01\/PROLOGUE.mp3'>CONTE - PROLOGUE<\/a><\/li><li><a href='http:\/\/www.bastiencrocq.com\/site\/wp-content\/uploads\/2016\/01\/02-PRELUDE-OP-32-N12-RACHMANINOV-4416.mp3'>PIANO - PRELUDE OP 32 N12 RACHMANINOV<\/a><\/li><li><a href='http:\/\/www.bastiencrocq.com\/site\/wp-content\/uploads\/2016\/01\/07-POURSUITE-4416.mp3'>CONTE - POURSUITE<\/a><\/li><li><a href='http:\/\/www.bastiencrocq.com\/site\/wp-content\/uploads\/2016\/01\/08-RIDE-4416.wav'>BATTERIE - RIDE<\/a><\/li>\t<\/ol>\n\t<\/noscript>\n\t<script type=\"application\/json\" class=\"wp-playlist-script\">{\"type\":\"audio\",\"tracklist\":true,\"tracknumbers\":true,\"images\":false,\"artists\":false,\"tracks\":[{\"src\":\"http:\\\/\\\/www.bastiencrocq.com\\\/site\\\/wp-content\\\/uploads\\\/2016\\\/01\\\/PROLOGUE.mp3\",\"type\":\"audio\\\/mpeg\",\"title\":\"CONTE - PROLOGUE\",\"caption\":\"\",\"description\":\"<i>01-PROLOGUE-4824<\\\/i>.\",\"meta\":{\"length_formatted\":\"1:19\"},\"image\":{\"src\":\"http:\\\/\\\/www.bastiencrocq.com\\\/site\\\/wp-includes\\\/images\\\/media\\\/audio.svg\",\"width\":48,\"height\":64},\"thumb\":{\"src\":\"http:\\\/\\\/www.bastiencrocq.com\\\/site\\\/wp-includes\\\/images\\\/media\\\/audio.svg\",\"width\":48,\"height\":64}},{\"src\":\"http:\\\/\\\/www.bastiencrocq.com\\\/site\\\/wp-content\\\/uploads\\\/2016\\\/01\\\/02-PRELUDE-OP-32-N12-RACHMANINOV-4416.mp3\",\"type\":\"audio\\\/mpeg\",\"title\":\"PIANO - PRELUDE OP 32 N12 RACHMANINOV\",\"caption\":\"\",\"description\":\"<i>02-PRELUDE OP 32 N12 RACHMANINOV-4416<\\\/i>.\",\"meta\":{\"length_formatted\":\"2:47\"},\"image\":{\"src\":\"http:\\\/\\\/www.bastiencrocq.com\\\/site\\\/wp-includes\\\/images\\\/media\\\/audio.svg\",\"width\":48,\"height\":64},\"thumb\":{\"src\":\"http:\\\/\\\/www.bastiencrocq.com\\\/site\\\/wp-includes\\\/images\\\/media\\\/audio.svg\",\"width\":48,\"height\":64}},{\"src\":\"http:\\\/\\\/www.bastiencrocq.com\\\/site\\\/wp-content\\\/uploads\\\/2016\\\/01\\\/07-POURSUITE-4416.mp3\",\"type\":\"audio\\\/mpeg\",\"title\":\"CONTE - POURSUITE\",\"caption\":\"\",\"description\":\"<i>07-POURSUITE-4416<\\\/i>.\",\"meta\":{\"length_formatted\":\"0:48\"},\"image\":{\"src\":\"http:\\\/\\\/www.bastiencrocq.com\\\/site\\\/wp-includes\\\/images\\\/media\\\/audio.svg\",\"width\":48,\"height\":64},\"thumb\":{\"src\":\"http:\\\/\\\/www.bastiencrocq.com\\\/site\\\/wp-includes\\\/images\\\/media\\\/audio.svg\",\"width\":48,\"height\":64}},{\"src\":\"http:\\\/\\\/www.bastiencrocq.com\\\/site\\\/wp-content\\\/uploads\\\/2016\\\/01\\\/08-RIDE-4416.wav\",\"type\":\"audio\\\/wav\",\"title\":\"BATTERIE - RIDE\",\"caption\":\"\",\"description\":\"<i>08-RIDE-4416<\\\/i>.\",\"meta\":{\"length_formatted\":\"5:15\"},\"image\":{\"src\":\"http:\\\/\\\/www.bastiencrocq.com\\\/site\\\/wp-includes\\\/images\\\/media\\\/audio.svg\",\"width\":48,\"height\":64},\"thumb\":{\"src\":\"http:\\\/\\\/www.bastiencrocq.com\\\/site\\\/wp-includes\\\/images\\\/media\\\/audio.svg\",\"width\":48,\"height\":64}}]}<\/script>\n<\/div>\n\t\n<p>[\/et_pb_text][et_pb_video admin_label=\u00a0\u00bbVid\u00e9o\u00a0\u00bb src=\u00a0\u00bbhttps:\/\/www.youtube.com\/watch?v=qjUUc4Plscw\u00a0\u00bb] [\/et_pb_video][\/et_pb_column][\/et_pb_row][et_pb_row admin_label=\u00a0\u00bbLigne\u00a0\u00bb][et_pb_column type=\u00a0\u00bb4_4&Prime;][et_pb_divider admin_label=\u00a0\u00bbS\u00e9parateur\u00a0\u00bb color=\u00a0\u00bb#ffffff\u00a0\u00bb show_divider=\u00a0\u00bboff\u00a0\u00bb height=\u00a0\u00bb150&Prime; divider_style=\u00a0\u00bbsolid\u00a0\u00bb divider_position=\u00a0\u00bbtop\u00a0\u00bb divider_weight=\u00a0\u00bb1&Prime; hide_on_mobile=\u00a0\u00bbon\u00a0\u00bb] [\/et_pb_divider][\/et_pb_column][\/et_pb_row][\/et_pb_section]<\/p>\n","protected":false},"excerpt":{"rendered":"<p>ROMAN Un conte musical enregistr\u00e9 et mix\u00e9 par Pierre Pauty pour Piergynt Productions (piergynt.com). Conte original, oeuvres pour piano de Fr\u00e9d\u00e9ric Chopin et Sergue\u00ef Rachmaninov, compositions originales pour batterie solo. A travers l\u2019histoire de l\u2019\u00e9cuyer Roman et de la princesse Amiel, le pianiste, batteur et conteur Bastien Crocq nous entra\u00eene dans un univers m\u00e9di\u00e9val et [&hellip;]<\/p>\n","protected":false},"author":1,"featured_media":0,"parent":0,"menu_order":0,"comment_status":"closed","ping_status":"closed","template":"","meta":{"_et_pb_use_builder":"on","_et_pb_old_content":"","_et_gb_content_width":"","footnotes":""},"class_list":["post-216","page","type-page","status-publish","hentry"],"_links":{"self":[{"href":"http:\/\/www.bastiencrocq.com\/site\/wp-json\/wp\/v2\/pages\/216","targetHints":{"allow":["GET"]}}],"collection":[{"href":"http:\/\/www.bastiencrocq.com\/site\/wp-json\/wp\/v2\/pages"}],"about":[{"href":"http:\/\/www.bastiencrocq.com\/site\/wp-json\/wp\/v2\/types\/page"}],"author":[{"embeddable":true,"href":"http:\/\/www.bastiencrocq.com\/site\/wp-json\/wp\/v2\/users\/1"}],"replies":[{"embeddable":true,"href":"http:\/\/www.bastiencrocq.com\/site\/wp-json\/wp\/v2\/comments?post=216"}],"version-history":[{"count":28,"href":"http:\/\/www.bastiencrocq.com\/site\/wp-json\/wp\/v2\/pages\/216\/revisions"}],"predecessor-version":[{"id":785,"href":"http:\/\/www.bastiencrocq.com\/site\/wp-json\/wp\/v2\/pages\/216\/revisions\/785"}],"wp:attachment":[{"href":"http:\/\/www.bastiencrocq.com\/site\/wp-json\/wp\/v2\/media?parent=216"}],"curies":[{"name":"wp","href":"https:\/\/api.w.org\/{rel}","templated":true}]}}

<p>[et_pb_section admin_label= »section » background_image= »http://www.bastiencrocq.com/site/wp-content/uploads/2016/01/Roman-piece-jointe.jpg » transparent_background= »off » allow_player_pause= »off » inner_shadow= »off » parallax= »on » parallax_method= »on » padding_mobile= »off » make_fullwidth= »off » use_custom_width= »off » width_unit= »on » make_equal= »off » use_custom_gutter= »off »][et_pb_row admin_label= »row »][et_pb_column type= »4_4&Prime;][et_pb_text admin_label= »Texte » background_layout= »dark » text_orientation= »center » text_font_size= »14&Prime; use_border_color= »off » border_color= »#ffffff » border_style= »solid »]</p>
<h1>ROMAN</h1>
<p>[/et_pb_text][et_pb_text admin_label= »Texte » background_layout= »light » text_orientation= »left » text_font_size= »14&Prime; use_border_color= »off » border_color= »#ffffff » border_style= »solid »]</p>
<p style="text-align: center;"><strong><span style="color: #ffffff;">Un conte musical enregistré et mixé par Pierre Pauty pour Piergynt Productions (piergynt.com). Conte original, oeuvres pour piano de Frédéric Chopin et Sergueï Rachmaninov, compositions originales pour batterie solo.</span></strong></p>
<p>[/et_pb_text][/et_pb_column][/et_pb_row][et_pb_row admin_label= »Ligne »][et_pb_column type= »1_3&Prime;][et_pb_image admin_label= »Image » src= »http://www.bastiencrocq.com/site/wp-content/uploads/2016/01/Roman-CD.jpg » show_in_lightbox= »off » url_new_window= »off » animation= »left » sticky= »off » align= »left » force_fullwidth= »off » always_center_on_mobile= »on » use_border_color= »off » border_color= »#ffffff » border_style= »solid »] [/et_pb_image][et_pb_image admin_label= »Image » src= »http://www.bastiencrocq.com/site/wp-content/uploads/2016/01/Roman-verso.jpg » show_in_lightbox= »off » url_new_window= »off » animation= »left » sticky= »off » align= »left » force_fullwidth= »off » always_center_on_mobile= »on » use_border_color= »off » border_color= »#ffffff » border_style= »solid »] [/et_pb_image][et_pb_text admin_label= »Texte » background_layout= »dark » text_orientation= »left » use_border_color= »off » border_color= »#ffffff » border_style= »solid »]</p>
<h3><span style="color: #ffffff;">A travers l’histoire de l’écuyer Roman et de la princesse Amiel, le pianiste, batteur et conteur Bastien Crocq nous entraîne dans un univers médiéval et romantique, inspiré de Tristan et Yseult. Un monde de forêts et de châteaux, mêlant fraternité, trahison et amour tragique, mis en musique avec des œuvres pour piano de Frédéric Chopin, de Sergueï Rachmaninov et des compositions originales pour batterie solo.</span></h3>
<div class="et_pb_text et_pb_module et_pb_bg_layout_light et_pb_text_align_left et_pb_text_2">
<h3><span style="color: #ffffff;">FICHE TECHNIQUE:</span></h3>
<h3><span style="color: #ffffff;">Durée : 60 minutes</span></h3>
<h3><span style="color: #ffffff;">Sonorisation : 1 piste micro maximum (en fonction de la taille de la salle)</span></h3>
<h3><span style="color: #ffffff;">Éclairage : jeu de projecteurs</span></h3>
<h3><span style="color: #ffffff;">Accessoires : piano à queue</span></h3>
<h3><span style="color: #ffffff;">Scène : 4,5 x 2,5m minimum</span></h3>
<h3><span style="color: #ffffff;">Public : à partir de 10 ans</span></h3>
</div>
<p>[/et_pb_text][/et_pb_column][et_pb_column type= »2_3&Prime;][et_pb_text admin_label= »Texte » background_layout= »light » text_orientation= »left » use_border_color= »off » border_color= »#ffffff » border_style= »solid »]</p>
<p class="r"><strong><span style="color: #ffffff;">Un interprète empreint de romantisme, jouant de virtuosité et d’émotion dans un répertoire classique, mais également un batteur sensible et flamboyant, composant des œuvres dont les ambiances naissent les unes dans les autres ! Musicien et conteur, Bastien donne le plaisir de l’exigence des atmosphères musicales riches en dynamiques. L’approche « classique » de la batterie fait naître des œuvres empreintes d’un sentiment grandiose. Le piano avec une aisance, des articulations sans exagération, un rythme respire et inspire… Le conteur reste dans la continuité, avec simplicité et vitalité.</span></strong></p>
<p>[/et_pb_text][et_pb_text admin_label= »AUDIO playlist » background_layout= »dark » text_orientation= »left » use_border_color= »on » border_color= »#ffb400&Prime; border_style= »solid » background_color= »#000000&Prime; saved_tabs= »all »]</p>
<!--[if lt IE 9]><script>document.createElement('audio');</script><![endif]-->
	<div class="wp-playlist wp-audio-playlist wp-playlist-light">
			<div class="wp-playlist-current-item"></div>
		<audio controls="controls" preload="none" width="1058"
			></audio>
	<div class="wp-playlist-next"></div>
	<div class="wp-playlist-prev"></div>
	<noscript>
	<ol>
		<li><a href='http://www.bastiencrocq.com/site/wp-content/uploads/2016/01/PROLOGUE.mp3'>CONTE - PROLOGUE</a></li><li><a href='http://www.bastiencrocq.com/site/wp-content/uploads/2016/01/02-PRELUDE-OP-32-N12-RACHMANINOV-4416.mp3'>PIANO - PRELUDE OP 32 N12 RACHMANINOV</a></li><li><a href='http://www.bastiencrocq.com/site/wp-content/uploads/2016/01/07-POURSUITE-4416.mp3'>CONTE - POURSUITE</a></li><li><a href='http://www.bastiencrocq.com/site/wp-content/uploads/2016/01/08-RIDE-4416.wav'>BATTERIE - RIDE</a></li>	</ol>
	</noscript>
	<script type="application/json" class="wp-playlist-script">{"type":"audio","tracklist":true,"tracknumbers":true,"images":false,"artists":false,"tracks":[{"src":"http:\/\/www.bastiencrocq.com\/site\/wp-content\/uploads\/2016\/01\/PROLOGUE.mp3","type":"audio\/mpeg","title":"CONTE - PROLOGUE","caption":"","description":"<i>01-PROLOGUE-4824<\/i>.","meta":{"length_formatted":"1:19"},"image":{"src":"http:\/\/www.bastiencrocq.com\/site\/wp-includes\/images\/media\/audio.svg","width":48,"height":64},"thumb":{"src":"http:\/\/www.bastiencrocq.com\/site\/wp-includes\/images\/media\/audio.svg","width":48,"height":64}},{"src":"http:\/\/www.bastiencrocq.com\/site\/wp-content\/uploads\/2016\/01\/02-PRELUDE-OP-32-N12-RACHMANINOV-4416.mp3","type":"audio\/mpeg","title":"PIANO - PRELUDE OP 32 N12 RACHMANINOV","caption":"","description":"<i>02-PRELUDE OP 32 N12 RACHMANINOV-4416<\/i>.","meta":{"length_formatted":"2:47"},"image":{"src":"http:\/\/www.bastiencrocq.com\/site\/wp-includes\/images\/media\/audio.svg","width":48,"height":64},"thumb":{"src":"http:\/\/www.bastiencrocq.com\/site\/wp-includes\/images\/media\/audio.svg","width":48,"height":64}},{"src":"http:\/\/www.bastiencrocq.com\/site\/wp-content\/uploads\/2016\/01\/07-POURSUITE-4416.mp3","type":"audio\/mpeg","title":"CONTE - POURSUITE","caption":"","description":"<i>07-POURSUITE-4416<\/i>.","meta":{"length_formatted":"0:48"},"image":{"src":"http:\/\/www.bastiencrocq.com\/site\/wp-includes\/images\/media\/audio.svg","width":48,"height":64},"thumb":{"src":"http:\/\/www.bastiencrocq.com\/site\/wp-includes\/images\/media\/audio.svg","width":48,"height":64}},{"src":"http:\/\/www.bastiencrocq.com\/site\/wp-content\/uploads\/2016\/01\/08-RIDE-4416.wav","type":"audio\/wav","title":"BATTERIE - RIDE","caption":"","description":"<i>08-RIDE-4416<\/i>.","meta":{"length_formatted":"5:15"},"image":{"src":"http:\/\/www.bastiencrocq.com\/site\/wp-includes\/images\/media\/audio.svg","width":48,"height":64},"thumb":{"src":"http:\/\/www.bastiencrocq.com\/site\/wp-includes\/images\/media\/audio.svg","width":48,"height":64}}]}</script>
</div>
	
<p>[/et_pb_text][et_pb_video admin_label= »Vidéo » src= »https://www.youtube.com/watch?v=qjUUc4Plscw »] [/et_pb_video][/et_pb_column][/et_pb_row][et_pb_row admin_label= »Ligne »][et_pb_column type= »4_4&Prime;][et_pb_divider admin_label= »Séparateur » color= »#ffffff » show_divider= »off » height= »150&Prime; divider_style= »solid » divider_position= »top » divider_weight= »1&Prime; hide_on_mobile= »on »] [/et_pb_divider][/et_pb_column][/et_pb_row][/et_pb_section]</p>

<p>ROMAN Un conte musical enregistré et mixé par Pierre Pauty pour Piergynt Productions (piergynt.com). Conte original, oeuvres pour piano de Frédéric Chopin et Sergueï Rachmaninov, compositions originales pour batterie solo. A travers l’histoire de l’écuyer Roman et de la princesse Amiel, le pianiste, batteur et conteur Bastien Crocq nous entraîne dans un univers médiéval et [&hellip;]</p>
