{"id":235,"date":"2016-01-08T03:49:58","date_gmt":"2016-01-08T02:49:58","guid":{"rendered":"http:\/\/www.bastiencrocq.com\/site\/?page_id=235"},"modified":"2024-09-05T10:08:05","modified_gmt":"2024-09-05T09:08:05","slug":"isle","status":"publish","type":"page","link":"http:\/\/www.bastiencrocq.com\/site\/isle\/","title":{"rendered":"ISLE"},"content":{"rendered":"<p>[et_pb_section admin_label=\u00a0\u00bbsection\u00a0\u00bb background_image=\u00a0\u00bbhttp:\/\/www.bastiencrocq.com\/site\/wp-content\/uploads\/2016\/01\/lisle.jpg\u00a0\u00bb transparent_background=\u00a0\u00bboff\u00a0\u00bb allow_player_pause=\u00a0\u00bboff\u00a0\u00bb inner_shadow=\u00a0\u00bboff\u00a0\u00bb parallax=\u00a0\u00bbon\u00a0\u00bb parallax_method=\u00a0\u00bbon\u00a0\u00bb padding_mobile=\u00a0\u00bboff\u00a0\u00bb make_fullwidth=\u00a0\u00bboff\u00a0\u00bb use_custom_width=\u00a0\u00bboff\u00a0\u00bb width_unit=\u00a0\u00bbon\u00a0\u00bb make_equal=\u00a0\u00bboff\u00a0\u00bb use_custom_gutter=\u00a0\u00bboff\u00a0\u00bb gutter_width=\u00a0\u00bb3&Prime;][et_pb_row admin_label=\u00a0\u00bbrow\u00a0\u00bb][et_pb_column type=\u00a0\u00bb4_4&Prime;][et_pb_text admin_label=\u00a0\u00bbTexte\u00a0\u00bb background_layout=\u00a0\u00bbdark\u00a0\u00bb text_orientation=\u00a0\u00bbcenter\u00a0\u00bb text_font_size=\u00a0\u00bb14&Prime; use_border_color=\u00a0\u00bboff\u00a0\u00bb border_color=\u00a0\u00bb#ffffff\u00a0\u00bb border_style=\u00a0\u00bbsolid\u00a0\u00bb]<\/p>\n<h1>L&rsquo;ISLE<\/h1>\n<p>[\/et_pb_text][\/et_pb_column][\/et_pb_row][et_pb_row admin_label=\u00a0\u00bbLigne\u00a0\u00bb][et_pb_column type=\u00a0\u00bb1_4&Prime;][\/et_pb_column][et_pb_column type=\u00a0\u00bb1_4&Prime;][et_pb_image admin_label=\u00a0\u00bbImage\u00a0\u00bb src=\u00a0\u00bbhttp:\/\/www.bastiencrocq.com\/site\/wp-content\/uploads\/2024\/08\/LISLE-titre.jpg\u00a0\u00bb show_in_lightbox=\u00a0\u00bboff\u00a0\u00bb url_new_window=\u00a0\u00bboff\u00a0\u00bb use_overlay=\u00a0\u00bboff\u00a0\u00bb animation=\u00a0\u00bbleft\u00a0\u00bb sticky=\u00a0\u00bboff\u00a0\u00bb align=\u00a0\u00bbleft\u00a0\u00bb force_fullwidth=\u00a0\u00bboff\u00a0\u00bb always_center_on_mobile=\u00a0\u00bbon\u00a0\u00bb use_border_color=\u00a0\u00bboff\u00a0\u00bb border_color=\u00a0\u00bb#ffffff\u00a0\u00bb border_style=\u00a0\u00bbsolid\u00a0\u00bb] [\/et_pb_image][\/et_pb_column][et_pb_column type=\u00a0\u00bb1_2&Prime;][et_pb_text admin_label=\u00a0\u00bbTexte\u00a0\u00bb background_layout=\u00a0\u00bbdark\u00a0\u00bb text_orientation=\u00a0\u00bbjustified\u00a0\u00bb use_border_color=\u00a0\u00bboff\u00a0\u00bb border_color=\u00a0\u00bb#ffffff\u00a0\u00bb border_style=\u00a0\u00bbsolid\u00a0\u00bb]<\/p>\n<h3 class=\"r\">UN ROMAN AVEC BANDE-SON<\/h3>\n<p>L&rsquo;Isle est un roman fantastique original construit\u00a0autour d&rsquo;une des grandes \u0153uvres du r\u00e9pertoire romantique pour le piano, la Sonate op. 5 de Johannes Brahms. Musique de Brahms, Debussy et trois\u00a0pi\u00e8ces originales pour batterie solo.<\/p>\n<p>[\/et_pb_text][\/et_pb_column][\/et_pb_row][et_pb_row admin_label=\u00a0\u00bbLigne\u00a0\u00bb][et_pb_column type=\u00a0\u00bb1_4&Prime;][et_pb_text admin_label=\u00a0\u00bbTexte\u00a0\u00bb background_layout=\u00a0\u00bbdark\u00a0\u00bb text_orientation=\u00a0\u00bbjustified\u00a0\u00bb use_border_color=\u00a0\u00bboff\u00a0\u00bb border_color=\u00a0\u00bb#ffffff\u00a0\u00bb border_style=\u00a0\u00bbsolid\u00a0\u00bb]<\/p>\n<h3 class=\"r\">BANDE-SON (enregistr\u00e9e en 2010 au th\u00e9\u00e2tre de l&rsquo;Archipel, Paris) :<\/h3>\n<p>[\/et_pb_text][\/et_pb_column][et_pb_column type=\u00a0\u00bb1_4&Prime;][et_pb_audio admin_label=\u00a0\u00bbAudio\u00a0\u00bb audio=\u00a0\u00bbhttp:\/\/www.bastiencrocq.com\/site\/wp-content\/uploads\/2016\/01\/DEBUSSY-Cloches-a\u0300-travers-les-feuilles.mp3&Prime; title=\u00a0\u00bb1. Debussy &#8211; Cloches \u00e0 travers les feuilles\u00a0\u00bb background_layout=\u00a0\u00bblight\u00a0\u00bb use_border_color=\u00a0\u00bboff\u00a0\u00bb border_color=\u00a0\u00bb#ffffff\u00a0\u00bb border_style=\u00a0\u00bbsolid\u00a0\u00bb background_color=\u00a0\u00bb#e5e5e5&Prime; title_font_size=\u00a0\u00bb16&Prime; title_line_height=\u00a0\u00bb1.5em\u00a0\u00bb caption_font_size=\u00a0\u00bb10&Prime;] [\/et_pb_audio][\/et_pb_column][et_pb_column type=\u00a0\u00bb1_4&Prime;][et_pb_audio admin_label=\u00a0\u00bbAudio\u00a0\u00bb audio=\u00a0\u00bbhttp:\/\/www.bastiencrocq.com\/site\/wp-content\/uploads\/2016\/01\/02-1.-BRAHMS-Sonate-op-5-Allegro-Maestoso.mp3&Prime; title=\u00a0\u00bb2. Brahms &#8211; Sonate op 5 Allegro Maestoso\u00a0\u00bb background_layout=\u00a0\u00bblight\u00a0\u00bb use_border_color=\u00a0\u00bboff\u00a0\u00bb border_color=\u00a0\u00bb#ffffff\u00a0\u00bb border_style=\u00a0\u00bbsolid\u00a0\u00bb background_color=\u00a0\u00bb#e5e5e5&Prime; title_font_size=\u00a0\u00bb16&Prime; title_line_height=\u00a0\u00bb1.5em\u00a0\u00bb caption_font_size=\u00a0\u00bb10&Prime;] [\/et_pb_audio][\/et_pb_column][et_pb_column type=\u00a0\u00bb1_4&Prime;][et_pb_audio admin_label=\u00a0\u00bbAudio\u00a0\u00bb audio=\u00a0\u00bbhttp:\/\/www.bastiencrocq.com\/site\/wp-content\/uploads\/2024\/09\/3.-Birth.wav\u00a0\u00bb title=\u00a0\u00bb3. Crocq &#8211; Birth\u00a0\u00bb background_layout=\u00a0\u00bblight\u00a0\u00bb use_border_color=\u00a0\u00bboff\u00a0\u00bb border_color=\u00a0\u00bb#ffffff\u00a0\u00bb border_style=\u00a0\u00bbsolid\u00a0\u00bb background_color=\u00a0\u00bb#e5e5e5&Prime; title_font_size=\u00a0\u00bb16&Prime; title_line_height=\u00a0\u00bb1.5em\u00a0\u00bb caption_font_size=\u00a0\u00bb10&Prime;] [\/et_pb_audio][\/et_pb_column][\/et_pb_row][et_pb_row admin_label=\u00a0\u00bbLigne\u00a0\u00bb][et_pb_column type=\u00a0\u00bb1_4&Prime;][et_pb_audio admin_label=\u00a0\u00bbAudio\u00a0\u00bb audio=\u00a0\u00bbhttp:\/\/www.bastiencrocq.com\/site\/wp-content\/uploads\/2024\/09\/07-4.-Fire.mp3&Prime; title=\u00a0\u00bb4. Crocq &#8211; Fire\u00a0\u00bb background_layout=\u00a0\u00bblight\u00a0\u00bb use_border_color=\u00a0\u00bboff\u00a0\u00bb border_color=\u00a0\u00bb#ffffff\u00a0\u00bb border_style=\u00a0\u00bbsolid\u00a0\u00bb background_color=\u00a0\u00bb#e5e5e5&Prime; title_font_size=\u00a0\u00bb16&Prime; title_line_height=\u00a0\u00bb1.5em\u00a0\u00bb caption_font_size=\u00a0\u00bb10&Prime;] [\/et_pb_audio][\/et_pb_column][et_pb_column type=\u00a0\u00bb1_4&Prime;][et_pb_audio admin_label=\u00a0\u00bbAudio\u00a0\u00bb audio=\u00a0\u00bbhttp:\/\/www.bastiencrocq.com\/site\/wp-content\/uploads\/2016\/01\/09-4.-BRAHMS-Sonate-op-5-Andante.mp3&Prime; title=\u00a0\u00bb5. Brahms &#8211; Sonate op 5 Andante\u00a0\u00bb background_layout=\u00a0\u00bblight\u00a0\u00bb use_border_color=\u00a0\u00bboff\u00a0\u00bb border_color=\u00a0\u00bb#ffffff\u00a0\u00bb border_style=\u00a0\u00bbsolid\u00a0\u00bb background_color=\u00a0\u00bb#e5e5e5&Prime; title_font_size=\u00a0\u00bb16&Prime; title_line_height=\u00a0\u00bb1.5em\u00a0\u00bb caption_font_size=\u00a0\u00bb10&Prime;] [\/et_pb_audio][\/et_pb_column][et_pb_column type=\u00a0\u00bb1_4&Prime;][et_pb_audio admin_label=\u00a0\u00bbAudio\u00a0\u00bb audio=\u00a0\u00bbhttp:\/\/www.bastiencrocq.com\/site\/wp-content\/uploads\/2016\/01\/05-5.-Rock.mp3&Prime; title=\u00a0\u00bb6. Crocq &#8211; Rock\u00a0\u00bb background_layout=\u00a0\u00bblight\u00a0\u00bb use_border_color=\u00a0\u00bboff\u00a0\u00bb border_color=\u00a0\u00bb#ffffff\u00a0\u00bb border_style=\u00a0\u00bbsolid\u00a0\u00bb background_color=\u00a0\u00bb#e5e5e5&Prime; title_font_size=\u00a0\u00bb16&Prime; title_line_height=\u00a0\u00bb1.5em\u00a0\u00bb caption_font_size=\u00a0\u00bb10&Prime;] [\/et_pb_audio][\/et_pb_column][et_pb_column type=\u00a0\u00bb1_4&Prime;][et_pb_audio admin_label=\u00a0\u00bbAudio\u00a0\u00bb audio=\u00a0\u00bbhttp:\/\/www.bastiencrocq.com\/site\/wp-content\/uploads\/2016\/01\/10-7.-BRAHMS-Sonate-op-5-Scherzo.mp3&Prime; title=\u00a0\u00bb7. Brahms &#8211; Sonate op 5 Scherzo\u00a0\u00bb background_layout=\u00a0\u00bblight\u00a0\u00bb use_border_color=\u00a0\u00bboff\u00a0\u00bb border_color=\u00a0\u00bb#ffffff\u00a0\u00bb border_style=\u00a0\u00bbsolid\u00a0\u00bb background_color=\u00a0\u00bb#e5e5e5&Prime; title_font_size=\u00a0\u00bb16&Prime; title_line_height=\u00a0\u00bb1.5em\u00a0\u00bb caption_font_size=\u00a0\u00bb10&Prime;] [\/et_pb_audio][\/et_pb_column][\/et_pb_row][et_pb_row admin_label=\u00a0\u00bbLigne\u00a0\u00bb][et_pb_column type=\u00a0\u00bb1_4&Prime;][et_pb_audio admin_label=\u00a0\u00bbAudio\u00a0\u00bb audio=\u00a0\u00bbhttp:\/\/www.bastiencrocq.com\/site\/wp-content\/uploads\/2016\/01\/03-8.-wind.mp3&Prime; title=\u00a0\u00bb8. Crocq &#8211; Wind\u00a0\u00bb background_layout=\u00a0\u00bblight\u00a0\u00bb use_border_color=\u00a0\u00bboff\u00a0\u00bb border_color=\u00a0\u00bb#ffffff\u00a0\u00bb border_style=\u00a0\u00bbsolid\u00a0\u00bb background_color=\u00a0\u00bb#e5e5e5&Prime; title_font_size=\u00a0\u00bb16&Prime; title_line_height=\u00a0\u00bb1.5em\u00a0\u00bb caption_font_size=\u00a0\u00bb10&Prime;] [\/et_pb_audio][\/et_pb_column][et_pb_column type=\u00a0\u00bb1_4&Prime;][et_pb_audio admin_label=\u00a0\u00bbAudio\u00a0\u00bb audio=\u00a0\u00bbhttp:\/\/www.bastiencrocq.com\/site\/wp-content\/uploads\/2016\/01\/9.-BRAHMS-Sonate-op-5-Intermezzo-Ru\u0308ckblick.mp3&Prime; title=\u00a0\u00bb9. Brahms &#8211; Sonate op 5 Intermezzo &#8211; R\u00fcckblick\u00a0\u00bb background_layout=\u00a0\u00bblight\u00a0\u00bb use_border_color=\u00a0\u00bboff\u00a0\u00bb border_color=\u00a0\u00bb#ffffff\u00a0\u00bb border_style=\u00a0\u00bbsolid\u00a0\u00bb background_color=\u00a0\u00bb#e5e5e5&Prime; title_font_size=\u00a0\u00bb16&Prime; title_line_height=\u00a0\u00bb1.5em\u00a0\u00bb caption_font_size=\u00a0\u00bb10&Prime;] [\/et_pb_audio][\/et_pb_column][et_pb_column type=\u00a0\u00bb1_4&Prime;][et_pb_audio admin_label=\u00a0\u00bbAudio\u00a0\u00bb audio=\u00a0\u00bbhttp:\/\/www.bastiencrocq.com\/site\/wp-content\/uploads\/2016\/01\/10.-BRAHMS-Sonate-op-5-Finale.mp3&Prime; title=\u00a0\u00bb10. Brahms &#8211; Sonate op 5 Finale\u00a0\u00bb background_layout=\u00a0\u00bblight\u00a0\u00bb use_border_color=\u00a0\u00bboff\u00a0\u00bb border_color=\u00a0\u00bb#ffffff\u00a0\u00bb border_style=\u00a0\u00bbsolid\u00a0\u00bb background_color=\u00a0\u00bb#e5e5e5&Prime; title_font_size=\u00a0\u00bb16&Prime; title_line_height=\u00a0\u00bb1.5em\u00a0\u00bb caption_font_size=\u00a0\u00bb10&Prime;] [\/et_pb_audio][\/et_pb_column][et_pb_column type=\u00a0\u00bb1_4&Prime;][et_pb_audio admin_label=\u00a0\u00bbAudio\u00a0\u00bb audio=\u00a0\u00bbhttp:\/\/www.bastiencrocq.com\/site\/wp-content\/uploads\/2016\/01\/06-11.-DEBUSSY-La-Cathe\u0301drale-engloutie.mp3&Prime; title=\u00a0\u00bb11. Debussy &#8211; La Cath\u00e9drale engloutie\u00a0\u00bb background_layout=\u00a0\u00bblight\u00a0\u00bb use_border_color=\u00a0\u00bboff\u00a0\u00bb border_color=\u00a0\u00bb#ffffff\u00a0\u00bb border_style=\u00a0\u00bbsolid\u00a0\u00bb background_color=\u00a0\u00bb#e5e5e5&Prime; title_font_size=\u00a0\u00bb16&Prime; title_line_height=\u00a0\u00bb1.5em\u00a0\u00bb caption_font_size=\u00a0\u00bb10&Prime;] [\/et_pb_audio][\/et_pb_column][\/et_pb_row][et_pb_row admin_label=\u00a0\u00bbLigne\u00a0\u00bb][et_pb_column type=\u00a0\u00bb1_3&Prime;][\/et_pb_column][et_pb_column type=\u00a0\u00bb2_3&Prime;][\/et_pb_column][\/et_pb_row][et_pb_row admin_label=\u00a0\u00bbLigne\u00a0\u00bb][et_pb_column type=\u00a0\u00bb1_3&Prime;][\/et_pb_column][et_pb_column type=\u00a0\u00bb2_3&Prime;][et_pb_text admin_label=\u00a0\u00bbTexte\u00a0\u00bb background_layout=\u00a0\u00bbdark\u00a0\u00bb text_orientation=\u00a0\u00bbjustified\u00a0\u00bb use_border_color=\u00a0\u00bboff\u00a0\u00bb border_color=\u00a0\u00bb#ffffff\u00a0\u00bb border_style=\u00a0\u00bbsolid\u00a0\u00bb]<\/p>\n<h3 class=\"r\">PIANO, CONTE ET BATTERIE SOLO<\/h3>\n<p>L&rsquo;Isle est \u00e9galement un conte musical fantastique\u00a0construit\u00a0autour d&rsquo;une des grandes \u0153uvres du r\u00e9pertoire romantique pour le piano, la Sonate op. 5 de Johannes Brahms. Musique de Brahms, Debussy et trois\u00a0pi\u00e8ces originales pour batterie solo.<br \/>\nUn univers \u00e9pique, cr\u00e9\u00e9 au Th\u00e9\u00e2tre de l&rsquo;Archipel \u00e0 Paris en avril 2010.<\/p>\n<p>[\/et_pb_text][\/et_pb_column][\/et_pb_row][et_pb_row admin_label=\u00a0\u00bbLigne\u00a0\u00bb][et_pb_column type=\u00a0\u00bb1_3&Prime;][\/et_pb_column][et_pb_column type=\u00a0\u00bb2_3&Prime;][et_pb_text admin_label=\u00a0\u00bbTexte\u00a0\u00bb background_layout=\u00a0\u00bbdark\u00a0\u00bb text_orientation=\u00a0\u00bbjustified\u00a0\u00bb use_border_color=\u00a0\u00bboff\u00a0\u00bb border_color=\u00a0\u00bb#ffffff\u00a0\u00bb border_style=\u00a0\u00bbsolid\u00a0\u00bb] [\/et_pb_text][\/et_pb_column][\/et_pb_row][et_pb_row admin_label=\u00a0\u00bbLigne\u00a0\u00bb][et_pb_column type=\u00a0\u00bb1_3&Prime;][et_pb_text admin_label=\u00a0\u00bbTexte\u00a0\u00bb background_layout=\u00a0\u00bblight\u00a0\u00bb text_orientation=\u00a0\u00bbleft\u00a0\u00bb use_border_color=\u00a0\u00bboff\u00a0\u00bb border_color=\u00a0\u00bb#ffffff\u00a0\u00bb border_style=\u00a0\u00bbsolid\u00a0\u00bb]<\/p>\n<h4><span style=\"color: #ffb400;\">FICHE TECHNIQUE:<\/span><\/h4>\n<h4><span style=\"color: #ffb400;\">Dur\u00e9e : 1 heure\u00a005<\/span><\/h4>\n<h4><span style=\"color: #ffb400;\">Sonorisation : 1 piste micro maximum (en fonction de la taille de la salle)<\/span><\/h4>\n<h4><span style=\"color: #ffb400;\">Eclairage : jeu de projecteurs<\/span><\/h4>\n<h4><span style=\"color: #ffb400;\">Accessoires : piano \u00e0 queue<\/span><\/h4>\n<h4><span style=\"color: #ffb400;\">Sc\u00e8ne : 4,5 x 2,5m minimum<\/span><\/h4>\n<h4><span style=\"color: #ffb400;\">Public : \u00e0 partir de 10 ans<\/span><\/h4>\n<p>[\/et_pb_text][\/et_pb_column][et_pb_column type=\u00a0\u00bb2_3&Prime;][et_pb_video admin_label=\u00a0\u00bbVid\u00e9o\u00a0\u00bb src=\u00a0\u00bbhttp:\/\/www.bastiencrocq.com\/site\/wp-content\/uploads\/2017\/02\/LIsle-HD_1.mp4&Prime; src_webm=\u00a0\u00bbhttp:\/\/www.bastiencrocq.com\/site\/wp-content\/uploads\/2017\/02\/LIsle-HD.webm\u00a0\u00bb] [\/et_pb_video][\/et_pb_column][\/et_pb_row][et_pb_row admin_label=\u00a0\u00bbLigne\u00a0\u00bb][et_pb_column type=\u00a0\u00bb1_3&Prime;][et_pb_image admin_label=\u00a0\u00bbImage\u00a0\u00bb src=\u00a0\u00bbhttp:\/\/www.bastiencrocq.com\/site\/wp-content\/uploads\/2016\/01\/LISLE-couverture-livre.jpg\u00a0\u00bb show_in_lightbox=\u00a0\u00bboff\u00a0\u00bb url_new_window=\u00a0\u00bboff\u00a0\u00bb use_overlay=\u00a0\u00bboff\u00a0\u00bb animation=\u00a0\u00bbleft\u00a0\u00bb sticky=\u00a0\u00bboff\u00a0\u00bb align=\u00a0\u00bbleft\u00a0\u00bb force_fullwidth=\u00a0\u00bboff\u00a0\u00bb always_center_on_mobile=\u00a0\u00bbon\u00a0\u00bb use_border_color=\u00a0\u00bboff\u00a0\u00bb border_color=\u00a0\u00bb#ffffff\u00a0\u00bb border_style=\u00a0\u00bbsolid\u00a0\u00bb] [\/et_pb_image][\/et_pb_column][et_pb_column type=\u00a0\u00bb2_3&Prime;][\/et_pb_column][\/et_pb_row][\/et_pb_section]<\/p>\n","protected":false},"excerpt":{"rendered":"<p>L&rsquo;ISLE UN ROMAN AVEC BANDE-SON L&rsquo;Isle est un roman fantastique original construit\u00a0autour d&rsquo;une des grandes \u0153uvres du r\u00e9pertoire romantique pour le piano, la Sonate op. 5 de Johannes Brahms. Musique de Brahms, Debussy et trois\u00a0pi\u00e8ces originales pour batterie solo. BANDE-SON (enregistr\u00e9e en 2010 au th\u00e9\u00e2tre de l&rsquo;Archipel, Paris) : PIANO, CONTE ET BATTERIE SOLO L&rsquo;Isle [&hellip;]<\/p>\n","protected":false},"author":1,"featured_media":0,"parent":0,"menu_order":0,"comment_status":"closed","ping_status":"closed","template":"","meta":{"_et_pb_use_builder":"on","_et_pb_old_content":"","_et_gb_content_width":"","footnotes":""},"class_list":["post-235","page","type-page","status-publish","hentry"],"_links":{"self":[{"href":"http:\/\/www.bastiencrocq.com\/site\/wp-json\/wp\/v2\/pages\/235","targetHints":{"allow":["GET"]}}],"collection":[{"href":"http:\/\/www.bastiencrocq.com\/site\/wp-json\/wp\/v2\/pages"}],"about":[{"href":"http:\/\/www.bastiencrocq.com\/site\/wp-json\/wp\/v2\/types\/page"}],"author":[{"embeddable":true,"href":"http:\/\/www.bastiencrocq.com\/site\/wp-json\/wp\/v2\/users\/1"}],"replies":[{"embeddable":true,"href":"http:\/\/www.bastiencrocq.com\/site\/wp-json\/wp\/v2\/comments?post=235"}],"version-history":[{"count":62,"href":"http:\/\/www.bastiencrocq.com\/site\/wp-json\/wp\/v2\/pages\/235\/revisions"}],"predecessor-version":[{"id":897,"href":"http:\/\/www.bastiencrocq.com\/site\/wp-json\/wp\/v2\/pages\/235\/revisions\/897"}],"wp:attachment":[{"href":"http:\/\/www.bastiencrocq.com\/site\/wp-json\/wp\/v2\/media?parent=235"}],"curies":[{"name":"wp","href":"https:\/\/api.w.org\/{rel}","templated":true}]}}