{"id":327,"date":"2016-09-01T20:54:37","date_gmt":"2016-09-01T19:54:37","guid":{"rendered":"http:\/\/www.bastiencrocq.com\/site\/?page_id=327"},"modified":"2017-03-20T22:06:32","modified_gmt":"2017-03-20T21:06:32","slug":"beethoven","status":"publish","type":"page","link":"http:\/\/www.bastiencrocq.com\/site\/beethoven\/","title":{"rendered":"BEETHOVEN"},"content":{"rendered":"<p>[et_pb_section admin_label=\u00a0\u00bbsection\u00a0\u00bb transparent_background=\u00a0\u00bboff\u00a0\u00bb background_color=\u00a0\u00bb#ddceb8&Prime; allow_player_pause=\u00a0\u00bboff\u00a0\u00bb inner_shadow=\u00a0\u00bboff\u00a0\u00bb parallax=\u00a0\u00bboff\u00a0\u00bb parallax_method=\u00a0\u00bboff\u00a0\u00bb padding_mobile=\u00a0\u00bboff\u00a0\u00bb make_fullwidth=\u00a0\u00bboff\u00a0\u00bb use_custom_width=\u00a0\u00bboff\u00a0\u00bb width_unit=\u00a0\u00bbon\u00a0\u00bb make_equal=\u00a0\u00bboff\u00a0\u00bb use_custom_gutter=\u00a0\u00bboff\u00a0\u00bb background_image=\u00a0\u00bbhttp:\/\/www.bastiencrocq.com\/site\/wp-content\/uploads\/2016\/09\/La-vie-de-Beethoven.jpg\u00a0\u00bb][et_pb_row admin_label=\u00a0\u00bbLigne\u00a0\u00bb][et_pb_column type=\u00a0\u00bb4_4&Prime;][et_pb_text admin_label=\u00a0\u00bbTexte\u00a0\u00bb background_layout=\u00a0\u00bblight\u00a0\u00bb text_orientation=\u00a0\u00bbleft\u00a0\u00bb use_border_color=\u00a0\u00bboff\u00a0\u00bb border_color=\u00a0\u00bb#ffffff\u00a0\u00bb border_style=\u00a0\u00bbsolid\u00a0\u00bb]<\/p>\n<h1 style=\"text-align: center;\"><span style=\"color: #ffffff;\">La vie de Beethoven cont\u00e9e au piano<\/span><\/h1>\n<p>[\/et_pb_text][\/et_pb_column][\/et_pb_row][et_pb_row admin_label=\u00a0\u00bbrow\u00a0\u00bb][et_pb_column type=\u00a0\u00bb2_3&Prime;][et_pb_video admin_label=\u00a0\u00bbVid\u00e9o\u00a0\u00bb src=\u00a0\u00bbhttp:\/\/www.bastiencrocq.com\/site\/wp-content\/uploads\/2016\/09\/beethoven_1.mp4&Prime; src_webm=\u00a0\u00bbhttp:\/\/www.bastiencrocq.com\/site\/wp-content\/uploads\/2016\/09\/beethoven_1.webm\u00a0\u00bb] [\/et_pb_video][\/et_pb_column][et_pb_column type=\u00a0\u00bb1_3&Prime;][et_pb_text admin_label=\u00a0\u00bbTexte\u00a0\u00bb background_layout=\u00a0\u00bbdark\u00a0\u00bb text_orientation=\u00a0\u00bbleft\u00a0\u00bb use_border_color=\u00a0\u00bboff\u00a0\u00bb border_color=\u00a0\u00bb#ffffff\u00a0\u00bb border_style=\u00a0\u00bbsolid\u00a0\u00bb]<\/p>\n<p>Dur\u00e9e : 45 minutes<\/p>\n<p>A partir de 7 ans<\/p>\n<p>Le pianiste Bastien Crocq raconte la vie de Ludwig van Beethoven et interpr\u00e8te des extraits de ses Sonates pour le piano. Un compositeur dont la destin\u00e9e l\u2019am\u00e8nera \u00e0 affronter le plus grand des obstacles : sa surdit\u00e9.<\/p>\n<p>[\/et_pb_text][\/et_pb_column][\/et_pb_row][et_pb_row admin_label=\u00a0\u00bbrow\u00a0\u00bb][et_pb_column type=\u00a0\u00bb2_3&Prime;][et_pb_gallery admin_label=\u00a0\u00bbGalerie\u00a0\u00bb gallery_ids=\u00a0\u00bb390,389,388,387,386,385,384,383,382,381,380,379,487,488,489,490&Prime; fullwidth=\u00a0\u00bbon\u00a0\u00bb orientation=\u00a0\u00bblandscape\u00a0\u00bb show_title_and_caption=\u00a0\u00bbon\u00a0\u00bb show_pagination=\u00a0\u00bbon\u00a0\u00bb background_layout=\u00a0\u00bblight\u00a0\u00bb auto=\u00a0\u00bbon\u00a0\u00bb hover_overlay_color=\u00a0\u00bbrgba(255,255,255,0.9)\u00a0\u00bb use_border_color=\u00a0\u00bboff\u00a0\u00bb border_color=\u00a0\u00bb#ffffff\u00a0\u00bb border_style=\u00a0\u00bbsolid\u00a0\u00bb auto_speed=\u00a0\u00bb9000&Prime;] [\/et_pb_gallery][\/et_pb_column][et_pb_column type=\u00a0\u00bb1_3&Prime;][\/et_pb_column][\/et_pb_row][et_pb_row admin_label=\u00a0\u00bbrow\u00a0\u00bb][et_pb_column type=\u00a0\u00bb2_3&Prime;][\/et_pb_column][et_pb_column type=\u00a0\u00bb1_3&Prime;][\/et_pb_column][\/et_pb_row][et_pb_row admin_label=\u00a0\u00bbLigne\u00a0\u00bb][et_pb_column type=\u00a0\u00bb4_4&Prime;][et_pb_divider admin_label=\u00a0\u00bbS\u00e9parateur\u00a0\u00bb color=\u00a0\u00bb#ffffff\u00a0\u00bb show_divider=\u00a0\u00bboff\u00a0\u00bb height=\u00a0\u00bb500&Prime; divider_style=\u00a0\u00bbsolid\u00a0\u00bb divider_position=\u00a0\u00bbtop\u00a0\u00bb hide_on_mobile=\u00a0\u00bboff\u00a0\u00bb] [\/et_pb_divider][\/et_pb_column][\/et_pb_row][\/et_pb_section]<\/p>\n","protected":false},"excerpt":{"rendered":"<p>La vie de Beethoven cont\u00e9e au piano Dur\u00e9e : 45 minutes A partir de 7 ans Le pianiste Bastien Crocq raconte la vie de Ludwig van Beethoven et interpr\u00e8te des extraits de ses Sonates pour le piano. Un compositeur dont la destin\u00e9e l\u2019am\u00e8nera \u00e0 affronter le plus grand des obstacles : sa surdit\u00e9.<\/p>\n","protected":false},"author":1,"featured_media":0,"parent":0,"menu_order":0,"comment_status":"closed","ping_status":"closed","template":"","meta":{"_et_pb_use_builder":"on","_et_pb_old_content":"","_et_gb_content_width":"","footnotes":""},"class_list":["post-327","page","type-page","status-publish","hentry"],"_links":{"self":[{"href":"http:\/\/www.bastiencrocq.com\/site\/wp-json\/wp\/v2\/pages\/327","targetHints":{"allow":["GET"]}}],"collection":[{"href":"http:\/\/www.bastiencrocq.com\/site\/wp-json\/wp\/v2\/pages"}],"about":[{"href":"http:\/\/www.bastiencrocq.com\/site\/wp-json\/wp\/v2\/types\/page"}],"author":[{"embeddable":true,"href":"http:\/\/www.bastiencrocq.com\/site\/wp-json\/wp\/v2\/users\/1"}],"replies":[{"embeddable":true,"href":"http:\/\/www.bastiencrocq.com\/site\/wp-json\/wp\/v2\/comments?post=327"}],"version-history":[{"count":39,"href":"http:\/\/www.bastiencrocq.com\/site\/wp-json\/wp\/v2\/pages\/327\/revisions"}],"predecessor-version":[{"id":513,"href":"http:\/\/www.bastiencrocq.com\/site\/wp-json\/wp\/v2\/pages\/327\/revisions\/513"}],"wp:attachment":[{"href":"http:\/\/www.bastiencrocq.com\/site\/wp-json\/wp\/v2\/media?parent=327"}],"curies":[{"name":"wp","href":"https:\/\/api.w.org\/{rel}","templated":true}]}}

<p>[et_pb_section admin_label= »section » transparent_background= »off » background_color= »#ddceb8&Prime; allow_player_pause= »off » inner_shadow= »off » parallax= »off » parallax_method= »off » padding_mobile= »off » make_fullwidth= »off » use_custom_width= »off » width_unit= »on » make_equal= »off » use_custom_gutter= »off » background_image= »http://www.bastiencrocq.com/site/wp-content/uploads/2016/09/La-vie-de-Beethoven.jpg »][et_pb_row admin_label= »Ligne »][et_pb_column type= »4_4&Prime;][et_pb_text admin_label= »Texte » background_layout= »light » text_orientation= »left » use_border_color= »off » border_color= »#ffffff » border_style= »solid »]</p>
<h1 style="text-align: center;"><span style="color: #ffffff;">La vie de Beethoven contée au piano</span></h1>
<p>[/et_pb_text][/et_pb_column][/et_pb_row][et_pb_row admin_label= »row »][et_pb_column type= »2_3&Prime;][et_pb_video admin_label= »Vidéo » src= »http://www.bastiencrocq.com/site/wp-content/uploads/2016/09/beethoven_1.mp4&Prime; src_webm= »http://www.bastiencrocq.com/site/wp-content/uploads/2016/09/beethoven_1.webm »] [/et_pb_video][/et_pb_column][et_pb_column type= »1_3&Prime;][et_pb_text admin_label= »Texte » background_layout= »dark » text_orientation= »left » use_border_color= »off » border_color= »#ffffff » border_style= »solid »]</p>
<p>Durée : 45 minutes</p>
<p>A partir de 7 ans</p>
<p>Le pianiste Bastien Crocq raconte la vie de Ludwig van Beethoven et interprète des extraits de ses Sonates pour le piano. Un compositeur dont la destinée l’amènera à affronter le plus grand des obstacles : sa surdité.</p>
<p>[/et_pb_text][/et_pb_column][/et_pb_row][et_pb_row admin_label= »row »][et_pb_column type= »2_3&Prime;][et_pb_gallery admin_label= »Galerie » gallery_ids= »390,389,388,387,386,385,384,383,382,381,380,379,487,488,489,490&Prime; fullwidth= »on » orientation= »landscape » show_title_and_caption= »on » show_pagination= »on » background_layout= »light » auto= »on » hover_overlay_color= »rgba(255,255,255,0.9) » use_border_color= »off » border_color= »#ffffff » border_style= »solid » auto_speed= »9000&Prime;] [/et_pb_gallery][/et_pb_column][et_pb_column type= »1_3&Prime;][/et_pb_column][/et_pb_row][et_pb_row admin_label= »row »][et_pb_column type= »2_3&Prime;][/et_pb_column][et_pb_column type= »1_3&Prime;][/et_pb_column][/et_pb_row][et_pb_row admin_label= »Ligne »][et_pb_column type= »4_4&Prime;][et_pb_divider admin_label= »Séparateur » color= »#ffffff » show_divider= »off » height= »500&Prime; divider_style= »solid » divider_position= »top » hide_on_mobile= »off »] [/et_pb_divider][/et_pb_column][/et_pb_row][/et_pb_section]</p>

<p>La vie de Beethoven contée au piano Durée : 45 minutes A partir de 7 ans Le pianiste Bastien Crocq raconte la vie de Ludwig van Beethoven et interprète des extraits de ses Sonates pour le piano. Un compositeur dont la destinée l’amènera à affronter le plus grand des obstacles : sa surdité.</p>
