{"id":528,"date":"2018-04-25T08:55:04","date_gmt":"2018-04-25T07:55:04","guid":{"rendered":"http:\/\/www.bastiencrocq.com\/site\/?page_id=528"},"modified":"2019-05-17T21:47:58","modified_gmt":"2019-05-17T20:47:58","slug":"arya","status":"publish","type":"page","link":"http:\/\/www.bastiencrocq.com\/site\/arya\/","title":{"rendered":"ARYA"},"content":{"rendered":"<p>[et_pb_section admin_label=\u00a0\u00bbsection\u00a0\u00bb background_image=\u00a0\u00bbhttp:\/\/www.bastiencrocq.com\/site\/wp-content\/uploads\/2018\/04\/arya.jpg\u00a0\u00bb transparent_background=\u00a0\u00bboff\u00a0\u00bb allow_player_pause=\u00a0\u00bboff\u00a0\u00bb inner_shadow=\u00a0\u00bboff\u00a0\u00bb parallax=\u00a0\u00bboff\u00a0\u00bb parallax_method=\u00a0\u00bboff\u00a0\u00bb make_fullwidth=\u00a0\u00bboff\u00a0\u00bb use_custom_width=\u00a0\u00bboff\u00a0\u00bb width_unit=\u00a0\u00bbon\u00a0\u00bb make_equal=\u00a0\u00bboff\u00a0\u00bb use_custom_gutter=\u00a0\u00bboff\u00a0\u00bb][et_pb_row admin_label=\u00a0\u00bbrow\u00a0\u00bb][et_pb_column type=\u00a0\u00bb1_2&Prime;][\/et_pb_column][et_pb_column type=\u00a0\u00bb1_2&Prime;][\/et_pb_column][\/et_pb_row][et_pb_row admin_label=\u00a0\u00bbLigne\u00a0\u00bb][et_pb_column type=\u00a0\u00bb4_4&Prime;][\/et_pb_column][\/et_pb_row][et_pb_row admin_label=\u00a0\u00bbLigne\u00a0\u00bb][et_pb_column type=\u00a0\u00bb1_2&Prime;][et_pb_video admin_label=\u00a0\u00bbVid\u00e9o\u00a0\u00bb src=\u00a0\u00bbhttp:\/\/www.bastiencrocq.com\/site\/wp-content\/uploads\/2019\/02\/decoupageSeb4.mp4&Prime;] [\/et_pb_video][et_pb_text admin_label=\u00a0\u00bbTexte\u00a0\u00bb background_layout=\u00a0\u00bbdark\u00a0\u00bb text_orientation=\u00a0\u00bbleft\u00a0\u00bb use_border_color=\u00a0\u00bboff\u00a0\u00bb border_color=\u00a0\u00bb#ffffff\u00a0\u00bb border_style=\u00a0\u00bbsolid\u00a0\u00bb]<\/p>\n<p><span style=\"color: #ffffff;\"><br \/>\nUn conte original construit autour de <em>Pi\u00e8ces Lyriques<\/em>\u00a0et d&rsquo;arrangements\u00a0de<em> Peer Gynt<\/em> d&rsquo;Edvard Grieg. Pour tout public, \u00e0 partir de 6 ans. Dur\u00e9e : 1 heure.<\/span><\/p>\n<p>[\/et_pb_text][\/et_pb_column][et_pb_column type=\u00a0\u00bb1_2&Prime;][et_pb_text admin_label=\u00a0\u00bbTexte\u00a0\u00bb background_layout=\u00a0\u00bbdark\u00a0\u00bb text_orientation=\u00a0\u00bbleft\u00a0\u00bb use_border_color=\u00a0\u00bboff\u00a0\u00bb border_color=\u00a0\u00bb#ffffff\u00a0\u00bb border_style=\u00a0\u00bbsolid\u00a0\u00bb]<\/p>\n<p>Les <em>Pi\u00e8ces Lyriques<\/em> pour piano du compositeur norv\u00e9gien Edvard Grieg m&rsquo;ont inspir\u00e9 l&rsquo;histoire d&rsquo;Arya, une jeune adolescente qui vit dans un village au c\u0153ur des fjords, \u00e0 l&rsquo;\u00e9poque des Vikings. Martyris\u00e9e par sa tante et menac\u00e9e d&rsquo;\u00eatre sacrifi\u00e9e au Dieu de la mer, elle s&rsquo;enfuit du village. C&rsquo;est le d\u00e9but d&rsquo;une qu\u00eate qui la m\u00e8nera vers la d\u00e9couverte de la musique et de ses pouvoirs. Une histoire d&rsquo;individuation et d&rsquo;acceptation de sa singularit\u00e9 et de sa cr\u00e9ativit\u00e9, qui parle \u00e0 tous, enfants comme adultes.<\/p>\n<p>[\/et_pb_text][\/et_pb_column][\/et_pb_row][et_pb_row admin_label=\u00a0\u00bbLigne\u00a0\u00bb][et_pb_column type=\u00a0\u00bb1_2&Prime;][\/et_pb_column][et_pb_column type=\u00a0\u00bb1_2&Prime;][\/et_pb_column][\/et_pb_row][et_pb_row admin_label=\u00a0\u00bbLigne\u00a0\u00bb][et_pb_column type=\u00a0\u00bb1_2&Prime;][\/et_pb_column][et_pb_column type=\u00a0\u00bb1_2&Prime;][\/et_pb_column][\/et_pb_row][et_pb_row admin_label=\u00a0\u00bbLigne\u00a0\u00bb][et_pb_column type=\u00a0\u00bb4_4&Prime;][\/et_pb_column][\/et_pb_row][et_pb_row admin_label=\u00a0\u00bbLigne\u00a0\u00bb][et_pb_column type=\u00a0\u00bb4_4&Prime;][\/et_pb_column][\/et_pb_row][et_pb_row admin_label=\u00a0\u00bbLigne\u00a0\u00bb][et_pb_column type=\u00a0\u00bb4_4&Prime;][\/et_pb_column][\/et_pb_row][et_pb_row admin_label=\u00a0\u00bbLigne\u00a0\u00bb][et_pb_column type=\u00a0\u00bb4_4&Prime;][\/et_pb_column][\/et_pb_row][et_pb_row admin_label=\u00a0\u00bbLigne\u00a0\u00bb][et_pb_column type=\u00a0\u00bb4_4&Prime;][\/et_pb_column][\/et_pb_row][et_pb_row admin_label=\u00a0\u00bbLigne\u00a0\u00bb][et_pb_column type=\u00a0\u00bb4_4&Prime;][\/et_pb_column][\/et_pb_row][et_pb_row admin_label=\u00a0\u00bbLigne\u00a0\u00bb][et_pb_column type=\u00a0\u00bb4_4&Prime;][\/et_pb_column][\/et_pb_row][et_pb_row admin_label=\u00a0\u00bbLigne\u00a0\u00bb][et_pb_column type=\u00a0\u00bb4_4&Prime;][\/et_pb_column][\/et_pb_row][et_pb_row admin_label=\u00a0\u00bbLigne\u00a0\u00bb][et_pb_column type=\u00a0\u00bb4_4&Prime;][\/et_pb_column][\/et_pb_row][et_pb_row admin_label=\u00a0\u00bbLigne\u00a0\u00bb][et_pb_column type=\u00a0\u00bb4_4&Prime;][\/et_pb_column][\/et_pb_row][et_pb_row admin_label=\u00a0\u00bbLigne\u00a0\u00bb][et_pb_column type=\u00a0\u00bb4_4&Prime;][\/et_pb_column][\/et_pb_row][\/et_pb_section]<\/p>\n","protected":false},"excerpt":{"rendered":"<p>Un conte original construit autour de Pi\u00e8ces Lyriques\u00a0et d&rsquo;arrangements\u00a0de Peer Gynt d&rsquo;Edvard Grieg. Pour tout public, \u00e0 partir de 6 ans. Dur\u00e9e : 1 heure. Les Pi\u00e8ces Lyriques pour piano du compositeur norv\u00e9gien Edvard Grieg m&rsquo;ont inspir\u00e9 l&rsquo;histoire d&rsquo;Arya, une jeune adolescente qui vit dans un village au c\u0153ur des fjords, \u00e0 l&rsquo;\u00e9poque des Vikings. [&hellip;]<\/p>\n","protected":false},"author":1,"featured_media":0,"parent":0,"menu_order":0,"comment_status":"closed","ping_status":"closed","template":"","meta":{"_et_pb_use_builder":"on","_et_pb_old_content":"","_et_gb_content_width":"","footnotes":""},"class_list":["post-528","page","type-page","status-publish","hentry"],"_links":{"self":[{"href":"http:\/\/www.bastiencrocq.com\/site\/wp-json\/wp\/v2\/pages\/528","targetHints":{"allow":["GET"]}}],"collection":[{"href":"http:\/\/www.bastiencrocq.com\/site\/wp-json\/wp\/v2\/pages"}],"about":[{"href":"http:\/\/www.bastiencrocq.com\/site\/wp-json\/wp\/v2\/types\/page"}],"author":[{"embeddable":true,"href":"http:\/\/www.bastiencrocq.com\/site\/wp-json\/wp\/v2\/users\/1"}],"replies":[{"embeddable":true,"href":"http:\/\/www.bastiencrocq.com\/site\/wp-json\/wp\/v2\/comments?post=528"}],"version-history":[{"count":28,"href":"http:\/\/www.bastiencrocq.com\/site\/wp-json\/wp\/v2\/pages\/528\/revisions"}],"predecessor-version":[{"id":617,"href":"http:\/\/www.bastiencrocq.com\/site\/wp-json\/wp\/v2\/pages\/528\/revisions\/617"}],"wp:attachment":[{"href":"http:\/\/www.bastiencrocq.com\/site\/wp-json\/wp\/v2\/media?parent=528"}],"curies":[{"name":"wp","href":"https:\/\/api.w.org\/{rel}","templated":true}]}}

<p>[et_pb_section admin_label= »section » background_image= »http://www.bastiencrocq.com/site/wp-content/uploads/2018/04/arya.jpg » transparent_background= »off » allow_player_pause= »off » inner_shadow= »off » parallax= »off » parallax_method= »off » make_fullwidth= »off » use_custom_width= »off » width_unit= »on » make_equal= »off » use_custom_gutter= »off »][et_pb_row admin_label= »row »][et_pb_column type= »1_2&Prime;][/et_pb_column][et_pb_column type= »1_2&Prime;][/et_pb_column][/et_pb_row][et_pb_row admin_label= »Ligne »][et_pb_column type= »4_4&Prime;][/et_pb_column][/et_pb_row][et_pb_row admin_label= »Ligne »][et_pb_column type= »1_2&Prime;][et_pb_video admin_label= »Vidéo » src= »http://www.bastiencrocq.com/site/wp-content/uploads/2019/02/decoupageSeb4.mp4&Prime;] [/et_pb_video][et_pb_text admin_label= »Texte » background_layout= »dark » text_orientation= »left » use_border_color= »off » border_color= »#ffffff » border_style= »solid »]</p>
<p><span style="color: #ffffff;"><br />
Un conte original construit autour de <em>Pièces Lyriques</em> et d&rsquo;arrangements de<em> Peer Gynt</em> d&rsquo;Edvard Grieg. Pour tout public, à partir de 6 ans. Durée : 1 heure.</span></p>
<p>[/et_pb_text][/et_pb_column][et_pb_column type= »1_2&Prime;][et_pb_text admin_label= »Texte » background_layout= »dark » text_orientation= »left » use_border_color= »off » border_color= »#ffffff » border_style= »solid »]</p>
<p>Les <em>Pièces Lyriques</em> pour piano du compositeur norvégien Edvard Grieg m&rsquo;ont inspiré l&rsquo;histoire d&rsquo;Arya, une jeune adolescente qui vit dans un village au cœur des fjords, à l&rsquo;époque des Vikings. Martyrisée par sa tante et menacée d&rsquo;être sacrifiée au Dieu de la mer, elle s&rsquo;enfuit du village. C&rsquo;est le début d&rsquo;une quête qui la mènera vers la découverte de la musique et de ses pouvoirs. Une histoire d&rsquo;individuation et d&rsquo;acceptation de sa singularité et de sa créativité, qui parle à tous, enfants comme adultes.</p>
<p>[/et_pb_text][/et_pb_column][/et_pb_row][et_pb_row admin_label= »Ligne »][et_pb_column type= »1_2&Prime;][/et_pb_column][et_pb_column type= »1_2&Prime;][/et_pb_column][/et_pb_row][et_pb_row admin_label= »Ligne »][et_pb_column type= »1_2&Prime;][/et_pb_column][et_pb_column type= »1_2&Prime;][/et_pb_column][/et_pb_row][et_pb_row admin_label= »Ligne »][et_pb_column type= »4_4&Prime;][/et_pb_column][/et_pb_row][et_pb_row admin_label= »Ligne »][et_pb_column type= »4_4&Prime;][/et_pb_column][/et_pb_row][et_pb_row admin_label= »Ligne »][et_pb_column type= »4_4&Prime;][/et_pb_column][/et_pb_row][et_pb_row admin_label= »Ligne »][et_pb_column type= »4_4&Prime;][/et_pb_column][/et_pb_row][et_pb_row admin_label= »Ligne »][et_pb_column type= »4_4&Prime;][/et_pb_column][/et_pb_row][et_pb_row admin_label= »Ligne »][et_pb_column type= »4_4&Prime;][/et_pb_column][/et_pb_row][et_pb_row admin_label= »Ligne »][et_pb_column type= »4_4&Prime;][/et_pb_column][/et_pb_row][et_pb_row admin_label= »Ligne »][et_pb_column type= »4_4&Prime;][/et_pb_column][/et_pb_row][et_pb_row admin_label= »Ligne »][et_pb_column type= »4_4&Prime;][/et_pb_column][/et_pb_row][et_pb_row admin_label= »Ligne »][et_pb_column type= »4_4&Prime;][/et_pb_column][/et_pb_row][et_pb_row admin_label= »Ligne »][et_pb_column type= »4_4&Prime;][/et_pb_column][/et_pb_row][/et_pb_section]</p>

<p>Un conte original construit autour de Pièces Lyriques et d&rsquo;arrangements de Peer Gynt d&rsquo;Edvard Grieg. Pour tout public, à partir de 6 ans. Durée : 1 heure. Les Pièces Lyriques pour piano du compositeur norvégien Edvard Grieg m&rsquo;ont inspiré l&rsquo;histoire d&rsquo;Arya, une jeune adolescente qui vit dans un village au cœur des fjords, à l&rsquo;époque des Vikings. [&hellip;]</p>
